 = -16. Calculate the remainder when q is divided by (-3)/(2 + 23/u).
9
Suppose -77 = -5*y - 22. Let z be (-2)/2 + 3/1. Let q(j) = 4*j**3 - j**2 + j + 2. What is the remainder when q(z) is divided by y?
10
Let f(q) = 3*q**2 + 4*q - 3. Calculate the remainder when f(-7) is divided by 39.
38
Calculate the remainder when (-2)/4*(-4 + 5 + -17) is divided by 3.
2
Let f = 16 + -11. Suppose f*n = j + 3*n - 19, -3*j + 60 = -3*n. Let s = j + -12. What is the remainder when s is divided by 5?
4
Suppose 0 = 4*d - 0*d - 48. What is the remainder when d is divided by 7?
5
Suppose -2*o = -g + 25, -2*g = -3*g - 5*o + 39. Calculate the remainder when g is divided by 8.
5
Let a = 45 - 21. Calculate the remainder when a is divided by 5.
4
Let f = -61 + 66. Calculate the remainder when 13 is divided by f.
3
Let u(h) = 0*h**3 + 7 - h**3 + 3. Calculate the remainder when 37 is divided by u(0).
7
Let p(h) = h + 0*h**2 - 1 - h**2 + 4*h. Let n(u) = -u**2 - 3*u + 4. Let o be n(-3). What is the remainder when p(o) is divided by 2?
1
Let a = -5 + 22. Calculate the remainder when 48 is divided by a.
14
Suppose 0 = 3*f - 123 - 9. Let w = f + -7. What is the remainder when w is divided by 13?
11
Let w(v) = v**2 + v - 4. Let c be w(-3). Suppose -5 = -c*f + 5. Let d(u) = u + 2. What is the remainder when d(f) is divided by 4?
3
Let s(d) = -d**3 - 4*d**2 - 5*d - 4. Let j be s(-4). Let u = j + -9. Let k = -3 + 22. Calculate the remainder when k is divided by u.
5
Let f = 0 + 7. Calculate the remainder when 11 is divided by f.
4
Let r = -37 - -63. Suppose r = 2*z - 0*z. What is the remainder when 38 is divided by z?
12
Let q = 14 + -9. Suppose -q*k = -10, -8*k = -4*y - 4*k + 4. Calculate the remainder when y is divided by 2.
1
Let a(u) = -u + 2. Let v(d) = d - 1. Let y(j) = -2*a(j) - 5*v(j). Calculate the remainder when y(-4) is divided by 4.
1
Suppose 8*k = 3*k + 50. Calculate the remainder when 38 is divided by k.
8
Suppose -3*z = 3*t - 15, -5*t - 3*z = -3*t - 11. Let l(c) = -c**3 - 6*c**2 + 4*c - 10. Let y = 11 + -18. What is the remainder when l(y) is divided by t?
3
Let m(j) = 9*j**2 - j. Let l be m(1). Suppose q = -q + l. Suppose -16 = -q*w + 8. What is the remainder when 16 is divided by w?
4
Suppose 0 = -5*w + 2*r, 2*w = -3*r - 3 + 22. What is the remainder when 2 - 67*(1 - w) is divided by 24?
21
Let n = 2 + -7. Suppose 0 = 3*a - 40 + 4. Let d = n + a. What is the remainder when 20 is divided by d?
6
Let w = 7 - -59. Suppose 5*o - 64 - w = 0. Suppose -4*x + o - 6 = 0. Calculate the remainder when 9 is divided by x.
4
Suppose -43 = 4*o - 243. What is the remainder when o is divided by 17?
16
Calculate the remainder when 6*(51/18 - -2) is divided by 10.
9
Suppose 4*a - 119 + 11 = 0. Calculate the remainder when a is divided by 4.
3
Suppose -2*y = 4, 10*l - 92 = 5*l + y. What is the remainder when 52 is divided by l?
16
Let w be -4*(12 - (-2 + 4)). What is the remainder when (-4)/8*w/2 is divided by (2 + (-20)/6)*-3?
2
Suppose -4*v + 79 = -81. Suppose 0*i + 11 = i. Calculate the remainder when v is divided by i.
7
Let m = 2 - 2. Suppose 25 = -m*p + p. Calculate the remainder when p is divided by 9.
7
Let i(m) = m**3 - 7*m**2 + 7*m + 8. Suppose -2*x - 4 = 2, -2*x = -5*b + 211. Calculate the remainder when b is divided by i(6).
13
Suppose 0 = 4*s + 7*s - 110. Let n(u) = -u**3 + 4*u**2 + 2*u + 4. Let g(i) = i - 3. Let y be g(6). Calculate the remainder when n(y) is divided by s.
9
Let t(q) = -3 + q + 4 + 10 + 0. Calculate the remainder when t(6) is divided by 7.
3
Let x(v) = -v**2 - 9*v - 4. Let c be x(-8). Suppose -15 - 25 = -c*z. Calculate the remainder when 29 is divided by z.
9
Suppose 2*i = -3*t + 84 + 56, -4*t = i - 180. Suppose 0 = -g + 4*g. Suppose g = q - 3*q + 30. Calculate the remainder when t is divided by q.
14
Let o = 24 - -4. Suppose 0 = s + 26 + o. Let d = -5 - s. Calculate the remainder when d is divided by 13.
10
Suppose -12 - 4 = -2*b. Let h(f) = f - 1. What is the remainder when b is divided by h(6)?
3
Suppose -3*i + 90 = 3*x + 2*x, 0 = 5*x - 2*i - 115. Suppose 50 = 4*p + 2*t, 8*t - 10*t = 2*p - 28. What is the remainder when x is divided by p?
10
Suppose -6*m + m - 3 = p, 0 = 3*p + m - 33. Let i = 10 + p. Calculate the remainder when i is divided by 12.
10
Suppose 24 = -8*u + 11*u. What is the remainder when 23 is divided by u?
7
Suppose 0 = -b + 17 + 26. What is the remainder when b is divided by 9?
7
Suppose 8 = -4*p, 5*y - y = 3*p + 94. Suppose t + 4*t - 14 = -2*x, -2*t = -2*x + 28. Calculate the remainder when y is divided by x.
10
Let a = 42 + -30. Let u = 2 + 5. What is the remainder when a is divided by u?
5
Let v be (-1)/(-3*(-2)/114). Let f = -9 - v. Suppose 0 = 5*r - r - 24. Calculate the remainder when f is divided by r.
4
Let a = -31 + 51. What is the remainder when a is divided by 7?
6
Suppose -56 = -3*s - 32. What is the remainder when 63 is divided by s?
7
Suppose -q + 10 = -5. Calculate the remainder when 44 is divided by q.
14
Let q(h) = -2*h + 2. Let i be q(-2). Let u(g) = -3*g - g - i + 4. Calculate the remainder when 53 is divided by u(-5).
17
Let z be (-5)/(-20) - (-22)/8. Suppose z*i + 5*w = 4*w + 58, -4*i = -w - 82. What is the remainder when 37 is divided by i?
17
Let v = 70 - 23. Suppose -k - k + 3*h = -26, 3*h + v = 5*k. What is the remainder when k is divided by 4?
3
Suppose z - 6 - 2 = 0. Let l(g) = -g**3 + 7*g**2 + 11*g - 4. What is the remainder when 57 is divided by l(z)?
17
Suppose 4*v + 4 = 4*n - 0*v, -v = 5*n - 17. Suppose -p - 1 = o, -o + n*p - 5 = 4*o. Let x = 18 + o. Calculate the remainder when x is divided by 6.
5
Let n = -16 + 25. Calculate the remainder when 26 is divided by n.
8
Let b = 34 - 24. Suppose -12 = -2*m + 2*c, 6*m = m - 5*c. What is the remainder when b is divided by m?
1
Suppose -4*x = -3*a + 118, 4*a - 4*x + 7*x = 124. Calculate the remainder when 66 is divided by a.
32
Let b(o) = -o**2 + 13*o - 17. Let c = 8 - -4. Calculate the remainder when c is divided by b(11).
2
Suppose -18 = -2*h - 3*a, 2*h + 32 = 6*h + 4*a. Calculate the remainder when 29 is divided by h.
5
Let f be (8/(-10))/(2/(-5)). Suppose v + 0 - 8 = -f*j, 0 = -3*j - 5*v + 5. Suppose -3*u + 1 = -5. What is the remainder when j is divided by u?
1
Let i(p) = -p**2 + 10*p + 5. Calculate the remainder when 8 is divided by i(10).
3
Suppose 6 + 51 = 3*b. What is the remainder when 37 is divided by b?
18
Suppose -5*x + l - 65 = -2*l, -3*l - 15 = 0. Let v = x + 40. Suppose 3*b = -5*d + 80, 86 + v = 4*b + 5*d. What is the remainder when b is divided by 16?
14
Let o(b) = b**2 - 15*b + 9. Calculate the remainder when o(15) is divided by 2.
1
Let k(t) = t**3 - 3*t**2 - 3*t + 10. Calculate the remainder when k(5) is divided by 24.
21
Let j be 4/18 + 75/27. Calculate the remainder when 27 is divided by (51/9 + -1)*j.
13
Suppose -22 = -5*t - 3*n, 4 = n - 0*n. What is the remainder when 3 is divided by t?
1
Suppose -4*b + 0*b = -100. Let s = b - 16. Suppose -43 - 26 = -4*j - 3*k, 2*j - 21 = 3*k. Calculate the remainder when j is divided by s.
6
Let r = -3 - -7. Suppose -r*g = -13 - 27. What is the remainder when g is divided by (-5)/(10/(-4)) - -4?
4
Suppose 0 = 2*r + 1 - 3. Let j be ((-2)/2)/(r/258). Calculate the remainder when (-2)/(3/(j/4)) is divided by 11.
10
Suppose 3*x - 60 = -a, -2*a + 3*x = -0*a - 93. What is the remainder when -1*(-4)/(12/a) is divided by 13/2 - (-1)/(-2)?
5
Suppose -23 = -2*d + x, 4*x = 7*d - 3*d - 36. Suppose -2*m + 9 = -3. Suppose m = g - d. What is the remainder when g is divided by 7?
6
Suppose -5 = -w + 2*u, 7*u - 5*u = 4*w - 2. Let o be 13*-1*2/(-2). What is the remainder when (o/3)/(w/(-3)) is divided by 5?
3
Suppose 5*b - 9 = 4*v, 0 = b + 2*b - v - 11. Suppose -b*t = -28 - 177. What is the remainder when t is divided by 14?
13
Let n be 2/8 - (-45)/(-20). Suppose -12 = 2*u + 12. Let j = n - u. What is the remainder when j is divided by 6?
4
Let k(v) = 40*v - 3. What is the remainder when k(2) is divided by 26?
25
Let b(r) = 2*r**2 + 24*r + 31. What is the remainder when 13 is divided by b(-11)?
4
Suppose -c - c + 24 = 0. What is the remainder when -2*(0 + -1*17) is divided by c?
10
Let c(f) = -13*f + 1. Suppose -2*b - 3*b = -70. What is the remainder when c(-4) is divided by b?
11
Let x(n) = -n**3 - 4*n**2 + n + 